ide 534486256?
True
Is 229437058 a multiple of 147?
False
Is 3303084848 a multiple of 14?
True
Is 89075970 a multiple of 54?
True
Is 119042016 a multiple of 1389?
False
Does 428 divide 53784556?
False
Is 34 a factor of 6754599?
False
Is 90159180 a multiple of 228?
True
Does 73 divide 215115232?
True
Is 644277321 a multiple of 1107?
True
Is 9 a factor of 912167541?
True
Is 19148955 a multiple of 988?
False
Is 930973923 a multiple of 1824?
False
Is 521106960 a multiple of 48?
True
Is 1148 a factor of 29531198?
False
Is 10579 a factor of 2478352909?
True
Is 41 a factor of 15307473?
True
Is 34333154 a multiple of 2?
True
Is 210 a factor of 221716816?
False
Is 556 a factor of 186928868?
True
Does 527 divide 7031066398?
False
Does 7 divide 842680954?
False
Does 937 divide 32260910?
True
Is 253992337 a multiple of 38?
False
Does 112 divide 128201560?
False
Is 53 a factor of 166407931?
False
Does 13 divide 107230525?
False
Does 12 divide 175194000?
True
Is 4 a factor of 104089384?
True
Is 5361300 a multiple of 74?
True
Is 548775648 a multiple of 96?
True
Is 40035755 a multiple of 28?
False
Does 2708 divide 327233779?
False
Is 45289941 a multiple of 84?
False
Is 2735 a factor of 81847610?
True
Is 943999533 a multiple of 9?
True
Is 18608004 a multiple of 6?
True
Is 15 a factor of 101706210?
True
Is 634 a factor of 180390118?
True
Is 27 a factor of 6601583?
False
Does 914 divide 74703951?
False
Is 487 a factor of 13858205?
False
Does 2022 divide 2842739910?
True
Is 54855660 a multiple of 5?
True
Is 7998911 a multiple of 4?
False
Is 431634728 a multiple of 126?
False
Is 1600953196 a multiple of 1194?
False
Does 3017 divide 289499252?
True
Does 10 divide 86495050?
True
Is 204181923 a multiple of 2603?
True
Is 237 a factor of 163372632?
True
Is 19 a factor of 2830508052?
True
Is 591099386 a multiple of 17?
False
Does 62 divide 12838938?
False
Does 4000 divide 4518920000?
True
Is 543504 a multiple of 37?
False
Does 217 divide 64432291?
True
Is 97 a factor of 21644518?
False
Does 1572 divide 19208268?
True
Does 784 divide 2158981054?
False
Does 37 divide 309742022?
True
Is 55466544 a multiple of 28?
True
Does 164 divide 677679075?
False
Is 266 a factor of 16698447?
False
Is 512 a factor of 86748964?
False
Is 12 a factor of 47507879?
False
Is 650 a factor of 690828782?
False
Does 5 divide 68075170?
True
Is 585534138 a multiple of 5103?
False
Is 2543272704 a multiple of 8064?
True
Is 141 a factor of 249975657?
True
Does 695 divide 52846410?
True
Does 198 divide 216016020?
True
Does 1110 divide 97910880?
True
Does 17 divide 24312473?
False
Is 13117555 a multiple of 5?
True
Is 540149742 a multiple of 198?
True
Is 844494772 a multiple of 4162?
True
Is 56 a factor of 9082360?
True
Is 1905309 a multiple of 51?
True
Does 10 divide 187333330?
True
Is 5572955 a multiple of 156?
False
Does 30 divide 1488975654?
False
Is 1571 a factor of 780372256?
True
Is 197 a factor of 143266674?
True
Does 524 divide 4979833189?
False
Is 19 a factor of 853176?
True
Is 1466 a factor of 127440846?
True
Is 313295625 a multiple of 2304?
False
Does 138 divide 1235270720?
False
Is 3 a factor of 1763465?
False
Does 1484 divide 356170388?
True
Is 15 a factor of 794744685?
True
Is 9 a factor of 2528321993?
False
Does 37 divide 36649721?
True
Is 283553868 a multiple of 164?
True
Does 104 divide 12804660?
False
Is 2 a factor of 1790406?
True
Is 10075890 a multiple of 66?
True
Does 31 divide 248860368?
False
Is 625 a factor of 57352500?
True
Does 1990 divide 132954660?
False
Does 1263 divide 32354853?
False
Is 332 a factor of 3572154848?
False
Does 46 divide 124099076?
True
Is 4026048 a multiple of 48?
True
Does 143 divide 33481019?
True
Is 2041 a factor of 249973516?
True
Is 276896736 a multiple of 8?
True
Is 49 a factor of 13273891?
False
Is 23784793 a multiple of 1456?
False
Is 2703540870 a multiple of 6189?
True
Does 152 divide 3870072?
True
Does 231 divide 5296430?
False
Does 19 divide 533290849?
False
Is 2921254920 a multiple of 188?
True
Is 328 a factor of 40826240?
False
Is 356 a factor of 16952008?
True
Is 444 a factor of 2089458228?
True
Does 1377 divide 196255944?
False
Is 84 a factor of 3530940?
True
Does 14 divide 6741742?
True
Does 21 divide 98636160?
True
Is 4 a factor of 13165852?
True
Does 61 divide 637556811?
True
Is 7282179 a multiple of 361?
False
Does 33 divide 4872018?
False
Is 77 a factor of 1433047?
True
Does 95 divide 12847823?
False
Is 704 a factor of 783153536?
True
Is 616 a factor of 1430229416?
True
Is 3656 a factor of 680092776?
True
Is 20447742 a multiple of 42?
True
Is 351 a factor of 33651905?
False
Does 117 divide 1597664835?
True
Does 512 divide 145934336?
True
Does 3 divide 92520761?
False
Is 4230760 a multiple of 865?
False
Is 5 a factor of 8020910?
True
Does 9 divide 182018?
False
Does 112 divide 2566256?
True
Does 1819 divide 1653965768?
True
Is 161810820 a multiple of 1138?
False
Does 156 divide 44054359?
False
Is 13468268 a multiple of 84?
False
Is 327 a factor of 348165402?
True
Is 3414675092 a multiple of 401?
False
Is 266163678 a multiple of 163?
True
Is 32 a factor of 28386221?
False
Does 79 divide 728907533?
False
Does 10 divide 49673530?
True
Is 21932991 a multiple of 369?
True
Does 259 divide 54325509?
True
Is 21 a factor of 2382639?
True
Is 2066505 even?
False
Does 28 divide 94777531?
False
Does 1359 divide 156952269?
True
Is 885 a factor of 1339336875?
True
Is 64172063 a multiple of 2638?
False
Is 22 a factor of 205857410?
True
Is 18 a factor of 56051995?
False
Is 88 a factor of 14454000?
True
Does 171 divide 10394417?
False
Does 1542 divide 650875116?
True
Is 9 a factor of 27889025?
False
Is 83554719 a multiple of 177?
False
Does 68 divide 410924?
True
Is 270625949 a multiple of 50?
False
Is 18 a factor of 22909226?
False
Does 2822 divide 39025438?
True
Is 1110784 a multiple of 8?
True
Is 33 a factor of 7158440?
False
Does 21 divide 989685610?
False
Is 70 a factor of 2685121670?
True
Is 165395763 a multiple of 5?
False
Is 695 a factor of 994212095?
True
Is 1504338452 a multiple of 74?
True
Is 2683520000 a multiple of 3500?
True
Is 730 a factor of 2101677300?
True
Is 58735328 a multiple of 8?
True
Does 550 divide 246411550?
True
Is 1397 a factor of 79558251?
False
Does 58 divide 130511278?
False
Does 68 divide 2593248?
True
Is 199 a factor of 1127341508?
False
Is 4310042 a multiple of 27?
False
Does 75 divide 273655800?
True
Is 708 a factor of 374872548?
True
Does 107 divide 7557184?
False
Is 16 a factor of 150874832?
True
Is 958308062 a multiple of 7?
False
Does 8 divide 24186896?
True
Is 100 a factor of 34565400?
True
Does 251 divide 29668200?
True
Does 279 divide 33324039?
True
Is 188 a factor of 645299427?
False
Is 383804196 a multiple of 1101?
True
Is 41711641 a multiple of 833?
False
Is 74858476 a multiple of 2096?
False
Is 1225883017 a multiple of 2241?
False
Is 15808520 a multiple of 104?
True
Is 368843654 a multiple of 1658?
True
Is 2271 a factor of 1247865759?
False
Is 4066 a factor of 631387407?
False
Does 367 divide 39384499?
False
Does 98 divide 4804646?
True
Is 9994077 a multiple of 9?
True
Is 2347711050 a multiple of 894?
True
Is 38 a factor of 452883635?
False
Does 191 divide 5547887803?
True
Does 41 divide 64179186?
True
Is 1114 a factor of 1289842672?
True
Is 117824953 a multiple of 58?
False
Is 761 a factor of 218381887?
True
Is 15408528 a multiple of 782?
True
Does 132 divide 568833012?
True
Is 572 a factor of 107347?
False
Is 12 a factor of 60180036?
True
Does 152 divide 162803400?
True
Is 1539666 a multiple of 39?
False
Does 887 divide 237704927?
False
Is 190297741 a multiple of 76?
False
Does 2074 divide 608047024?
True
Is 9743835573 a multiple of 24?
False
Is 2516485818 a multiple of 7847?
True
Does 3 divide 3355204?
False
Is 19 a factor of 360847537?
False
Does 292 divide 10577921?
False
Does 121 divide 360070123?
False
Is 3542 a factor of 775905131?
False
Does 29 divide 78267607?
True
Is 301369190 a multiple of 184?
False
Is 123162027 a multiple of 55?
False
Does 6562 divide 978479506?
True
Does 5 divide 49787660?
True
Is 28 a factor of 174736119?
False
Is 659291199 a multiple of 21?
True
Does 31 divide 2192749663?
False
Does 1865 divide 107880925?
True
Is 73 a factor of 1858799?
True
Is 148 a factor of 735334328?
Fa